 by (-128)/(-192)*(66 - 0/(-2)).
42
Let v = 11 + 20. Let o = 458 + -335. Calculate the remainder when o is divided by v.
30
Let p(m) = -m**2 + 11*m - 10. Let j be p(9). What is the remainder when 31 is divided by (408/(-32))/((-6)/j)?
14
Let x(b) = -b**3 - 10*b**2 - 28*b - 11. Calculate the remainder when x(-9) is divided by 83.
77
Let a = 471 + -333. Suppose 2*s = 2*r + a, s + 3*r + 41 = 114. What is the remainder when s is divided by 18?
16
Suppose -108*j = -129*j + 1071. Calculate the remainder when j is divided by 7.
2
Let r = -13 - -28. Calculate the remainder when 80 is divided by 399/15 + 6/r.
26
Suppose u - 3*m = -4*u + 29, 0 = -u + 5*m + 19. Suppose -u*f + f + 29 = -l, -2*f + 5*l = -41. What is the remainder when (-531)/(-12) - 2/f is divided by 15?
14
Let u(m) = -51*m + 9. What is the remainder when u(-2) is divided by 24?
15
What is the remainder when 3*3*1866/18 is divided by 39?
36
Calculate the remainder when 43 is divided by (-34640)/(-1200) - 2/(-15).
14
Suppose 5*z - 653 = 4*p + 523, 0 = 2*z - 8. Let f = -196 - p. Calculate the remainder when f is divided by 24.
21
Let j(c) = 8*c**2 + 7*c + 8. Let y = 13 + 2. Calculate the remainder when j(-3) is divided by y.
14
Suppose -8 = 2*z, -6*h + h - z + 111 = 0. Calculate the remainder when h is divided by 5.
3
Let x = 1476 - 1417. Let k(o) = -2*o + 6. What is the remainder when x is divided by k(-5)?
11
Let a(b) = b**3 + 7*b**2 + 5*b - 1. Let q be a(-6). What is the remainder when 53 + -1 - (-24)/60*-10 is divided by (-10)/3*(2 - q)?
8
Let t(w) be the first derivative of -2*w**3/3 + w**2/2 - 14*w - 2. Let x be t(6). Calculate the remainder when 24 is divided by x/(-6) - 2/6.
11
Let w = -8 + 10. Suppose m = -w + 4. Calculate the remainder when 1 - -68 - (m - 2) is divided by 18.
15
Suppose 4*m + 5*g - 8 = 0, 5*g = -1 - 19. Calculate the remainder when 430 is divided by m.
3
Suppose -6*d = 179 - 335. What is the remainder when 695 is divided by d?
19
Let l = 296 + -282. What is the remainder when 39 is divided by l?
11
What is the remainder when 102/((-819)/119 + 7) is divided by 62?
61
Suppose 3*l = 4*a - 5, -2*a = -3*l + 5*l - 20. Suppose 5*v - 3*v - 235 = -a*f, -3*f = 3*v - 366. What is the remainder when v is divided by 18?
17
Suppose -s = 10*b - 9*b - 5, -2*b = -5*s - 3. What is the remainder when 43 is divided by b?
3
Suppose -4*x + 100 = -4*p, 4*p + 0*p + 8 = 0. Let q = -13 + x. Let l(i) = i**3 - 2*i - 2. Calculate the remainder when l(3) is divided by q.
9
Let g(c) = -c - 17. Let k be g(-12). What is the remainder when 76 is divided by 40/(4/(-10)*k)?
16
Let k(u) = 3*u**2 + 12*u + 113. What is the remainder when k(-7) is divided by 30?
26
Calculate the remainder when 515 is divided by -10 - (-95 + (12 - 14)).
80
Suppose -5 = 2*c - 19. Let s be c*(-6)/9*-6. Let g = -8 + s. Calculate the remainder when 59 is divided by g.
19
Suppose -34 = -6*l - 11*l. Calculate the remainder when 4 is divided by l.
0
Let w(j) = -j**3 + 7*j**2 - 5*j + 12. Calculate the remainder when 465 is divided by w(6).
15
Let j = -206 + 454. What is the remainder when j is divided by 42?
38
Suppose 2*d + 4*o - 54 = 0, 5*d - 3*o + 13 = 109. Calculate the remainder when 944 is divided by d.
20
Suppose -5*r + 2*i = -79, r = -3*i + 5*i + 11. What is the remainder when 48 is divided by r?
14
What is the remainder when 44 is divided by ((-39)/2)/((-7)/14)?
5
Suppose i + 5*o = -0*i + 66, -112 = -2*i - 5*o. Let n = i + -34. Calculate the remainder when n is divided by 8.
4
Suppose 0 = 2*s - 10 - 54. Suppose x - 38 = -4*m, 4*x = 3*m - 7*m + s. Let a = -3 + m. What is the remainder when 20 is divided by a?
6
Let r(l) = -l**3 + 5*l**2 + 3*l - 7. Let i be 1 - 6*8/(-12). Calculate the remainder when 12 is divided by r(i).
4
Let d = -880 + 1003. Calculate the remainder when d is divided by 0 - (-2 - (25 - 2)).
23
Suppose 4*q - 23 = l - 60, -q - 11 = -2*l. Let z = -12 - q. Let f(m) = 2*m**2 + 2*m - 2. Calculate the remainder when 18 is divided by f(z).
8
Let o = 546 + -541. Let f(s) = 13*s**2 - 1. What is the remainder when f(-1) is divided by o?
2
Let i be (15 - 2)/(-1) - 1. Let v = i - 28. What is the remainder when 55 is divided by (v/8)/((-9)/24)?
13
Let k = 65 + -65. Suppose 3*m + 75 = -0*c + 3*c, -3*c + 4*m + 77 = k. Calculate the remainder when 89 is divided by c.
20
Let k = -945 - -943. Let m(n) be the first derivative of -3*n**4/4 - n**3/3 + n - 1. What is the remainder when m(k) is divided by 12?
9
Suppose -3*k + 109 = z, -z + 185 = 5*k + 4*z. Calculate the remainder when 129 is divided by k.
21
Let g be -3 + (419 - -4) - 0. What is the remainder when 19 is divided by g/24*4/7?
9
Let w(q) = 83*q**3 + 3*q**2 - 2*q. Suppose 5*k - 5 = -d + 11, -5*k + 10 = -5*d. Calculate the remainder when w(d) is divided by 17.
16
Let y(b) be the first derivative of -b**3/3 - 23*b**2/2 - 13*b + 36. What is the remainder when 23 is divided by y(-22)?
5
Suppose 36*v = 34*v + 48. Suppose -21*c - v = -25*c. Let z = 0 - -2. Calculate the remainder when c is divided by z.
0
Suppose -24 = -4*x + 2*k + 2, 3*x + 5*k = 13. Suppose -2*s - x = -3*r, 5*s - 5 = 10. What is the remainder when 22 is divided by r?
2
Suppose -d + 2*d + z = 372, -2*z = -5*d + 1846. Suppose 0 = -3*x + 2*a + d, 4*x = -3*a - 2*a + 478. Calculate the remainder when x is divided by 41.
40
Suppose 5*i - 60 = -5*y, -4*i + y = i - 42. Calculate the remainder when 123 is divided by i.
6
Suppose -25 = -h - i - 2*i, -3*h + 2*i + 20 = 0. Let p = h - -9. Let w = -42 - -78. Calculate the remainder when w is divided by p.
17
Suppose 0 = 10*c + 420 - 1100. Calculate the remainder when c is divided by 9.
5
Let l be 4 + -3 - (-3 + 0 - -1). Suppose 0 = 2*s + p - 97, 0 = -l*s - 0*s + 2*p + 135. Calculate the remainder when s is divided by 7.
5
Let i = -6 - -10. Suppose -6 - i = -o. Let u = -67 + 94. Calculate the remainder when u is divided by o.
7
Suppose 132 = 30*m - 24*m. What is the remainder when 148 is divided by m?
16
Let y = -34 + 48. Let c = 18 - 22. Let d(p) = -p + 4. What is the remainder when y is divided by d(c)?
6
Let z = -16 + 22. Let c(y) = -5*y**2 - 11*y + 4. Let j(w) = 9*w**2 + 21*w - 9. Let q(o) = 7*c(o) + 4*j(o). What is the remainder when q(z) is divided by 36?
34
Let m(f) = f**3 + 14*f**2 - 2*f - 1. Let g be m(-10). Let i be (-4)/20 + g/(-5). What is the remainder when 26 is divided by 15/(-6)*i/15?
12
Suppose -5*n - 7 = -3*c, 9 - 33 = -5*c - 4*n. Suppose 3*v - 8*v + 70 = 0. Calculate the remainder when v is divided by c.
2
Let j(i) = -5*i. Let k be j(-1). Suppose k*l - 186 = 209. Calculate the remainder when l is divided by 18 + (-4 - 0) + 6.
19
Let x = 28 - 26. Suppose -x*i = -3*i - 7. Let v = i + 63. Calculate the remainder when v is divided by 15.
11
Let o(v) = 2*v - 16. Let k be o(8). Calculate the remainder when (32 - (3 - k))/1 is divided by 90/8 - 2/8.
7
Suppose 4*l + 5*q - 2 + 23 = 0, -3*l - 17 = 4*q. Let v(r) = 4*r + 2. What is the remainder when v(3) is divided by l - -6 - 4 - -1?
2
Suppose 38*x - 131 = 1541. What is the remainder when 166 is divided by x?
34
Suppose -2*c - 2 + 8 = 0. What is the remainder when 21 is divided by 12*(c - 8/3)?
1
Suppose 2*m - 3*m = 5. Let q = 7 + m. Suppose 3*u + 3*a = 36, 2*u - 42 = q*a - 6. What is the remainder when u is divided by 8?
7
Let n be 18/4*6/9. Suppose 3*l - 4*w = 399, n*w - 2*w + 271 = 2*l. Calculate the remainder when l is divided by 35.
32
Let v(l) = -11*l + 5. Let g be (0 - (-8)/24) + (-38)/6. Calculate the remainder when v(g) is divided by 19.
14
Suppose 0*k + 493 = 5*k + s, 2*k - s = 193. What is the remainder when k is divided by 26?
20
Let s(v) = 4*v**2 - 27*v - 1. Suppose -70 = -2*j - 3*j + 2*i, 3*j - 5*i - 42 = 0. Calculate the remainder when s(8) is divided by j.
11
Let z be 1/((-2)/4*2). Let h = 125 - 123. What is the remainder when 13 is divided by 2 + (-10)/h*z?
6
Let i(l) = l + 14. Let k(j) = 3*j - 4. Let q be k(-2). Let z be i(q). Suppose 5*o - z*o = 11. Calculate the remainder when 20 is divided by o.
9
Let r(g) = 17*g**2 + 3*g + 3. What is the remainder when r(7) is divided by 86?
83
Let l be -51 + -10 + (-2)/(-2). Let k = 69 + l. Calculate the remainder when k is divided by 6.
3
Let h be 1*(-1 - (-9 - -4)). Suppose 0 = -k - 4*g - 8, -h*k - 7 = -g - 26. Calculate the remainder when k is 